of 44622388?
8
What is the hundreds digit of 8304476062?
0
What is the millions digit of 310972113?
0
What is the units digit of 256602451?
1
What is the ten thousands digit of 982356924?
5
What is the tens digit of 1990220666?
6
What is the millions digit of 843976691?
3
What is the hundred thousands digit of 6795841197?
8
What is the ten thousands digit of 1629416021?
1
What is the hundred millions digit of 1771092784?
7
What is the millions digit of 95356725?
5
What is the tens digit of 770271?
7
What is the billions digit of 6661400232?
6
What is the tens digit of 2284878332?
3
What is the ten thousands digit of 36823720?
2
What is the thousands digit of 441484057?
4
What is the units digit of 18955156?
6
What is the hundred thousands digit of 288311543?
3
What is the ten thousands digit of 3825543006?
4
What is the hundreds digit of 97588547?
5
What is the hundred thousands digit of 66417679?
4
What is the thousands digit of 39337349?
7
What is the units digit of 1042002?
2
What is the hundreds digit of 3595685515?
5
What is the hundred thousands digit of 494475237?
4
What is the hundred thousands digit of 61044180?
0
What is the ten thousands digit of 163769705?
6
What is the hundred millions digit of 198821342?
1
What is the hundreds digit of 93661734?
7
What is the tens digit of 56559672?
7
What is the ten millions digit of 1339467843?
3
What is the tens digit of 2586631225?
2
What is the millions digit of 20937052?
0
What is the ten thousands digit of 3017347173?
4
What is the units digit of 1394824213?
3
What is the tens digit of 953629901?
0
What is the ten thousands digit of 604435058?
3
What is the hundreds digit of 285215371?
3
What is the ten millions digit of 156665846?
5
What is the hundreds digit of 159513125?
1
What is the millions digit of 490069351?
0
What is the hundred millions digit of 573567423?
5
What is the millions digit of 2637611361?
7
What is the tens digit of 245287946?
4
What is the units digit of 484590176?
6
What is the thousands digit of 38458694?
8
What is the hundreds digit of 287983301?
3
What is the hundreds digit of 87550235?
2
What is the hundred millions digit of 759551595?
7
What is the hundreds digit of 511337311?
3
What is the tens digit of 162555165?
6
What is the ten thousands digit of 76327900?
2
What is the ten thousands digit of 3087482858?
8
What is the units digit of 384130269?
9
What is the tens digit of 1491317858?
5
What is the hundreds digit of 137293374?
3
What is the hundreds digit of 2645342458?
4
What is the hundred millions digit of 969298908?
9
What is the ten millions digit of 325310912?
2
What is the units digit of 66629000?
0
What is the hundred millions digit of 369029331?
3
What is the hundred millions digit of 557336872?
5
What is the hundred millions digit of 175480164?
1
What is the ten millions digit of 792182475?
9
What is the thousands digit of 604366000?
6
What is the thousands digit of 166446210?
6
What is the thousands digit of 187095042?
5
What is the ten millions digit of 83854906?
8
What is the millions digit of 173627623?
3
What is the hundred thousands digit of 31758879?
7
What is the hundred millions digit of 2891025900?
8
What is the units digit of 891714166?
6
What is the ten thousands digit of 381188580?
8
What is the ten millions digit of 53612064?
5
What is the hundreds digit of 44964414?
4
What is the ten millions digit of 14893743?
1
What is the thousands digit of 4088542945?
2
What is the units digit of 5299539121?
1
What is the thousands digit of 250560772?
0
What is the hundreds digit of 2689957187?
1
What is the hundred millions digit of 186446758?
1
What is the hundred thousands digit of 25570155?
5
What is the units digit of 656311055?
5
What is the tens digit of 3753441443?
4
What is the tens digit of 155015328?
2
What is the millions digit of 400704137?
0
What is the units digit of 5133261064?
4
What is the tens digit of 13662807?
0
What is the tens digit of 191706932?
3
What is the hundreds digit of 210912260?
2
What is the ten thousands digit of 578394022?
9
What is the hundred thousands digit of 932810829?
8
What is the hundreds digit of 26194391?
3
What is the units digit of 86348422?
2
What is the units digit of 333070161?
1
What is the hundreds digit of 4308081?
0
What is the units digit of 37037290?
0
What is the tens digit of 212987145?
4
What is the hundred thousands digit of 149778698?
7
What is the hundred thousands digit of 63771187?
7
What is the ten millions digit of 1455693419?
5
What is the hundred thousands digit of 882469813?
4
What is the tens digit of 264581219?
1
What is the units digit of 39393813?
3
What is the ten millions digit of 81643758?
8
What is the millions digit of 49764065?
9
What is the thousands digit of 43071726?
1
What is the thousands digit of 467906809?
6
What is the ten millions digit of 564591930?
6
What is the hundred millions digit of 462215564?
4
What is the tens digit of 59760821?
2
What is the thousands digit of 3388038420?
8
What is the hundreds digit of 1330165799?
7
What is the hundred millions digit of 150193075?
1
What is the billions digit of 1256825847?
1
What is the tens digit of 121179941?
4
What is the hundred millions digit of 202591858?
2
What is the thousands digit of 1718479816?
9
What is the units digit of 6008692816?
6
What is the ten millions digit of 35482558?
3
What is the ten thousands digit of 119875393?
7
What is the hundred thousands digit of 2515465639?
4
What is the thousands digit of 105993328?
3
What is the millions digit of 234655439?
4
What is the thousands digit of 87927460?
7
What is the hundreds digit of 62410075?
0
What is the ten thousands digit of 4109006466?
0
What is the hundreds digit of 16601429?
4
What is the ten thousands digit of 638407553?
0
What is the hundreds digit of 55932836?
8
What is the ten millions digit of 274065652?
7
What is the ten millions digit of 10419518?
1
What is the hundred millions digit of 187533269?
1
What is the hundred thousands digit of 53696570?
6
What is the tens digit of 789517986?
8
What is the tens digit of 1434806558?
5
What is the ten thousands digit of 45777414?
7
What is the millions digit of 39457181?
9
What is the tens digit of 3497900152?
5
What is the tens digit of 3664275543?
4
What is the units digit of 22525818?
8
What is the hundreds digit of 310340118?
1
What is the hundred millions digit of 1080185516?
0
What is the ten thousands digit of 1544516782?
1
What is the tens digit of 1719250311?
1
What is the billions digit of 1027845739?
1
What is the tens digit of 259555265?
6
What is the hundred thousands digit of 1729084587?
0
What is the hundreds digit of 136582250?
2
What is the units digit of 175787936?
6
What is the ten millions digit of 65516224?
6
What is the ten thousands digit of 11361615?
6
What is the millions digit of 16689695?
6
What is the hundreds digit of 47134782?
7
What is the ten thousands digit of 70999104?
9
What is the hundred thousands digit of 10126711?
1
What is the hundreds digit of 894942089?
0
What is the ten millions digit of 99582908?
9
What is the ten thousands digit of 91252297?
5
What is the units digit of 11399777?
7
What is the thousands digit of 118707063?
7
What is the ten millions digit of 4671130898?
7
What is the units digit of 167205230?
0
What is the hundred millions digit of 1437024514?
4
What is the tens digit of 9339956?
5
What is the hundreds digit of 6072522642?
6
What is the millions digit of 243735616?
3
What is the tens digit of 288969885?
8
What is the units digit of 24169619?
9
What is the thousands digit of 1079473284?
3
What is the millions digit of 658648118?
8
What is the hundred thousands digit of 9840224?
8
What is the ten thousands digit of 5568558565?
5
What is the hundred millions digit of 934895463?
9
What is the hundred thousands digit of 470238825?
2
What is the ten millions digit of 301310255?
0
What is the tens digit of 191799255?
5
What is the thousands digit of 92226539?
6
What is the units digit of 3691247988?
8
What is the hundreds digit of 24652406?
4
What is the units digit of 4765219?
9
What is the hundreds digit of 6132171?
1
What is the hundred millions digit of 112312393?
1
What is the hundred millions digit of 2733513261?
7
What is the te